se -7*p + 8 + 20 = 0. Let v(d) = -4 + 2 + 6 - p - 2*d. What is v(-7)?
14
Let y(h) = -5*h**3 + 15*h**2 + 9*h - 156. Let f(p) = -3*p**3 + 10*p**2 + 6*p - 98. Let b(v) = -8*f(v) + 5*y(v). Calculate b(-5).
19
Let m(q) be the first derivative of q**6/360 - q**5/10 + 5*q**4/8 - 193*q**3/3 - 212. Let b(i) be the third derivative of m(i). What is b(11)?
4
Suppose 27 = 4*d - d. Let o be -1*4 + 9/d. Let i(g) = -1538*g - 2 + g**2 + 2*g**2 + 1539*g. Give i(o).
22
Let w be -1 + 7 + 153 + 2*2. Suppose 165*r + 24 = w*r. Let q(y) = -y - 21. What is q(r)?
-9
Let b(a) = -12 - a + 10 - 4. Suppose 0 = 55*n + 247 - 742. Calculate b(n).
-15
Let i(y) = -y**2 - 3*y + 4. Let m(q) = q**2 + 5*q + 3. Let a be m(0). Let s be (a - 36/20)/(1/(-60)). Let w = -77 - s. Give i(w).
-6
Let y(l) = l**3 - 6*l**2 + 10*l - 4. Let s be y(4). Let v(n) = 3*n**2 + 35*n - 1. Let r(u) = -u**2 - 12*u. Let a(i) = s*v(i) + 11*r(i). Give a(-9).
5
Let w(n) be the first derivative of -27 + 7/2*n**2 + 3*n. Give w(3).
24
Let p(b) = -b**2 + 2*b + 26. Let m be (-8)/6 + 24*(-224)/(-576). Determine p(m).
-22
Let v(r) = 4*r - 1 - 3 - 3*r**2 - 40*r**3 + 22*r**3 + 17*r**3. Suppose l = 5*c - 4*l + 30, -l = -2. Determine v(c).
-4
Let m(p) = -5*p + 10. Let n(f) = -3*f + 6. Let u = -170 - -166. Let w(b) = u*m(b) + 7*n(b). What is w(4)?
-2
Let j(v) = -v**2 + 8*v - 8. Suppose 50 + 115 = 11*n. Let q(x) = -x**2 + 16*x - 10. Let d be q(n). Suppose 10 = d*u, b - 4*u = -b + 4. What is j(b)?
4
Suppose 31 = 5*n - 3*i, -4*n + 16 = 6*i - 4*i. Let c(m) = m**3 - 18*m**2 + m - 6. Let o be c(18). Suppose n*x - o = x. Let q(a) = -a + 6. Calculate q(x).
3
Let y(q) = -q**2 - 1. Let s be (-13260)/150 + (1 - 8/5). Let d = s + 87. Give y(d).
-5
Let s = 106 + -102. Suppose x = -1 + 6. Let f(v) = s*v - 1 - x + v - 6*v. Give f(-4).
-2
Let y(w) = w**2 - 11*w + 8. Let i = 234 - 158. Suppose -14*k = -i - 64. Give y(k).
-2
Suppose 0 = -1274*y + 1285*y + 22. Let i(b) = -2*b - 2 - 4*b + 5*b + 3*b. Give i(y).
-6
Let a(g) = g**3 + 9*g**2 - 1. Let f(q) be the second derivative of -q**4/12 - 25*q**3/6 + 17*q**2/2 + q - 33. Let r be f(-26). Give a(r).
-1
Suppose -2290 = -255*x - 1525. Let q(k) = k**3 - 7*k**2 + 5*k - 1. What is q(x)?
-22
Let n(i) = 2*i**2 + 2*i + 4. Let q(h) = -h**2 - 30*h - 101. Let z be q(-26). Suppose -c = -6 + z. Give n(c).
28
Let q(p) = -4*p**3 - 14*p**2 + 6*p - 29. Let n(a) = 3*a**3 + 13*a**2 - 5*a + 26. Let x(w) = -5*n(w) - 4*q(w). Calculate x(7).
-105
Let f(v) = v**2 + v - 1. Let g(u) = 3*u**2 + 2*u - 6. Let l(w) = 4*f(w) - g(w). Let t(p) = 9*p - 2*p**2 + 1 + p**2 + 0*p**2 + 6. Let r be t(10). Determine l(r).
5
Let g(c) be the first derivative of c**6/360 + c**5/120 - 7*c**4/8 + 325*c**3/3 - 175. Let o(z) be the third derivative of g(z). Calculate o(4).
-1
Let k(y) = -4*y + 11. Let x be k(5). Let v be x*(-3)/(-18)*4. Let z(i) = 2*i + 31 + 0*i - i - 23. Calculate z(v).
2
Let l be (-54)/5 - 156/130. Let m(q) = -2 + 7 + 13*q + 2715*q**2 - 2714*q**2. What is m(l)?
-7
Let z be (-9)/(-15) - 108/(-45). Suppose 36 = 3*u - 5*s, -u + s - 8 = 6*s. Let r(m) = 8*m + 0 + 2*m**2 - u*m - 2. Give r(z).
19
Let h(d) = -20*d - 39. Let p be h(-5). Let c(v) = p*v**3 - 31*v**3 - 31*v**3 + 0*v**2 + v**2 - 1. Determine c(-1).
1
Let w be ((140/12)/(-5))/(14/6 + -2). Let r(a) = a**3 + 6*a**2 - 9*a - 8. Calculate r(w).
6
Let s(d) = -4*d**2 - 12*d + 3. Let c(b) = -b**3 - 13*b**2 - 39*b + 6. Let p be c(-8). Let f(k) = 3*k**2 + 9*k - 3. Let u(j) = p*s(j) - 3*f(j). Calculate u(2).
-7
Suppose -16*n + 6 = -19*n. Let a(l) = -l - 8. Let v be a(n). Let c(f) = 4*f - 1. What is c(v)?
-25
Let a(g) be the third derivative of g**6/120 + g**5/6 - 11*g**4/24 - 4*g**3 - 2*g**2 + 10045. Calculate a(-10).
86
Let o(r) = -4*r**2 - 6*r - 23. Let y(w) = -7*w**2 - 13*w - 43. Let x(s) = 5*o(s) - 3*y(s). Calculate x(-12).
50
Let n be (-2)/1 - (10 + -8). Let l = -1 - n. Let k(h) = -287*h**2 - 3*h + 5*h + 286*h**2. Give k(l).
-3
Let c be 4/((2 + (-48)/20)/1). Let x be (-6)/c - 154/(-10). Let k(h) = 3 + x*h - 7*h - 12*h. Determine k(-3).
12
Let z be 14/7*5/2. Suppose -2*u - 5*l + 1665 = -0*u, 3*u = -2*l + 2481. Let n(v) = -825 + v**2 - 3*v + u. Determine n(z).
10
Let a be (708/295)/((-9)/(-27)*(-6)/10). Let r(i) = -33*i - 399. Calculate r(a).
-3
Let q be (-6*1/(-18))/(1/18). Suppose -11*z = -12*z - q. Let g(x) = x**2 + 4*x - 6. Calculate g(z).
6
Let a(y) = -36*y - 214. Let i be a(-6). Let h(g) be the third derivative of 0 - 7/6*g**3 + 10*g**i + 0*g + 1/24*g**4. Give h(7).
0
Let l(f) = 5*f - 2. Let q(y) = -y**2 + 1. Let g be q(-1). Suppose -5*h = -r - 30 + 5, -2*h - 5*r - 17 = g. What is l(h)?
18
Let q(w) be the second derivative of -w**3/3 - 31*w**2/2 + 686*w - 1. Give q(-10).
-11
Let o(z) = 5*z**2 + 4*z - 2. Let s(n) = 4*n**2 - 2*n - 1. Let v(y) = -o(y) + s(y). Calculate v(-11).
-54
Let l(h) be the first derivative of h**4/4 + 7*h**3/3 + 4*h**2 - 4*h + 86. Suppose -3*o - 7 = 11. What is l(o)?
-16
Suppose 2*m - 186 + 46 = 0. Let l = m - 75. Let h(w) = -w + 4. Give h(l).
9
Suppose -3*l + 7*i - 2*i = 61, l + 9 = -4*i. Let s(b) = -b**2 - 16*b + 14. Let y be s(l). Let n(x) = 3*x + 6. What is n(y)?
-3
Let w(c) = 31*c - 35*c + 52054 - 52053. Suppose -5*r = -5*g + 2*g + 9, g + 5 = -r. Give w(r).
13
Let p = -9932 + 9942. Let x(u) = u**3 - 9*u**2 - 7*u - 4. Calculate x(p).
26
Let s = 1544 - 1552. Let n(u) = -u**2 - 11*u + 4. Determine n(s).
28
Let h(s) be the third derivative of 5*s**4/24 - 8*s**3 + 2*s**2 - 32*s. Let q(l) = 2*l - 24. Let i(a) = 3*h(a) - 7*q(a). Calculate i(-11).
13
Suppose -124*f = -205*f - 1539. Let n(b) = b**3 + 19*b**2 + b + 28. What is n(f)?
9
Let k(j) = j**2 + 13*j - 8. Let w = 8 + -23. Let p be w + (56/49 - (-2)/(-14)). Calculate k(p).
6
Let l(z) = z**2 + z + 1. Let y = 195 - 181. Let b be (10/y + -1)*(38 + -45). Determine l(b).
7
Let y(i) = -37*i + 1068. Let g be y(29). Let b(x) be the third derivative of -x**4/12 - 5*x**3/2 - 5*x**2. Calculate b(g).
-5
Let q = 1 + 4. Let c(l) = 8*l + 25*l - 4 - 79*l + 3*l + 22*l + 23*l. Give c(q).
6
Let k(o) = -8 + 14*o - 17 - 20*o + 13 - o**2. Determine k(-8).
-28
Let u(s) = -s**2 + 2*s + 7. Let h(g) = -2*g**2 + 117*g + 176. Let q be h(60). Calculate u(q).
-17
Let f(g) = -g**2 - 5*g + 9. Let y(l) = -3*l**2 + 19*l + 12. Let x be y(6). Let a be x/(-99) - (-75)/(-11). Determine f(a).
-5
Let k(l) = l**3 - 43*l**2 - 88*l - 83. Let n be k(45). Let w(a) = 2*a - 28. Determine w(n).
-14
Let r be (-8)/10*(-50)/20. Suppose -r*k + 55 = -d, -d = -k - 3*k + 111. Suppose -4*o = 3*o - k. Let j(b) = -b**3 + 5*b**2 - 3*b + 1. Determine j(o).
5
Let t(w) be the first derivative of w**3/3 - 17*w**2/2 + 22*w + 804. Give t(16).
6
Let n(j) be the first derivative of -j**4/4 + 7*j**3/3 - j**2/2 + 2*j - 89. Give n(7).
-5
Suppose u + 1352 = 1356. Let r = -3 - -5. Suppose p = r*f - 2, 3*p - 4*f + 22 = u*p. Let g(a) = -a**2 + 6*a + 2. Determine g(p).
2
Let f(g) = -g**3 + 6*g**2 + 2*g - 6. Let k(q) = q**2 + 3*q + 34. Let c be k(0). Suppose -2*z = -4*o - 28, -36*o + c*o = 4*z - 16. Calculate f(z).
6
Let d(l) be the first derivative of -1 + l**2 - 1/4*l**4 + 2*l + 5/3*l**3. Let i be 114/(11 + -5) - (-42)/(-3). Determine d(i).
12
Let f(a) = 3*a**2 - 3*a + 6. Let b be (-4)/6*-11*(-60)/(-110). What is f(b)?
42
Let w = -15566 - -15574. Let k(l) = -3*l + 13. Calculate k(w).
-11
Let r(f) be the third derivative of -f**6/120 + 7*f**5/30 - 13*f**4/24 + 3*f**3/2 - 231*f**2. Determine r(13).
9
Let j(s) = -2*s + 1. Let n = -27 - -51. Suppose -12*a + n = -4*a. Suppose a*f + f = 16. What is j(f)?
-7
Let q(i) = i**2 + 11*i + 8. Suppose 2*s + 4*c + 237 = -867, 3*s - 3*c + 1638 = 0. Let a = s + 538. What is q(a)?
-2
Let c(l) = 5*l**3 + 26*l**2 + 15*l + 13. Let a(m) = -11*m**3 - 56*m**2 - 33*m - 26. Let z(j) = -6*a(j) - 13*c(j). Give z(3).
5
Suppose -s + 4*o = 34, -3*s - s - 5*o - 52 = 0. Let i = s + 21. Let a(b) = 2*b + 4. Give a(i).
10
Suppose 14 = 5*n - 4*s, 3*n - 6*n = 3*s + 24. Let x(z) = -30*z - 7. Determine x(n).
53
Let j(h) = h**2 - 10*h - 13. Suppose 0 = -4*y + 92 + 108. Suppose 0 = 2*q + 3*q + w - y, 3*w = -3*q + 18. What is j(q)?
-2
Let n(s) = 2*s**2 + 128*s - 3*s**2 + 233 - 227 - 123*s. Let t(m) = m**3 - m**2 - 1. Let l be t(2). Let a be -1*(0 + (-15)/l). Determine n(a).
6
Let q(p) be the second derivative of -p**3/6 + 11*p**2/2 + 4231*p. Give q(6).
5
Le